{"id":3230,"date":"2024-09-27T16:59:55","date_gmt":"2024-09-27T14:59:55","guid":{"rendered":"https:\/\/assonances.fr\/WP\/?post_type=tribe_events&#038;p=3230"},"modified":"2024-09-27T16:59:55","modified_gmt":"2024-09-27T14:59:55","slug":"stage-boxe-defense","status":"publish","type":"tribe_events","link":"https:\/\/assonances.fr\/WP\/event\/stage-boxe-defense\/","title":{"rendered":"Stage Boxe D\u00e9fense"},"content":{"rendered":"<p><img fetchpriority=\"high\" decoding=\"async\" class=\"aligncenter size-full wp-image-3232\" src=\"https:\/\/assonances.fr\/WP\/wp-content\/uploads\/2024\/09\/202411093-couverture-evenement-facebook-stage-boxe-defense-3.jpg\" alt=\"Stage Boxe D\u00e9fense\" width=\"1200\" height=\"628\" srcset=\"https:\/\/assonances.fr\/WP\/wp-content\/uploads\/2024\/09\/202411093-couverture-evenement-facebook-stage-boxe-defense-3.jpg 1200w, https:\/\/assonances.fr\/WP\/wp-content\/uploads\/2024\/09\/202411093-couverture-evenement-facebook-stage-boxe-defense-3-300x157.jpg 300w, https:\/\/assonances.fr\/WP\/wp-content\/uploads\/2024\/09\/202411093-couverture-evenement-facebook-stage-boxe-defense-3-1024x536.jpg 1024w, https:\/\/assonances.fr\/WP\/wp-content\/uploads\/2024\/09\/202411093-couverture-evenement-facebook-stage-boxe-defense-3-768x402.jpg 768w\" sizes=\"(max-width: 1200px) 100vw, 1200px\" \/><\/p>\n<h1>Une premi\u00e8re avec cette th\u00e9matique !<\/h1>\n<blockquote><p>Vivien consacrera le premier stage de la saison \u00e0 la <strong>Boxe d\u00e9fense<\/strong>.<br \/>\nSi vous ne connaissez pas l&rsquo;approche, biom\u00e9canique et pragmatique de Vivien je vous conseille chaudement de venir d\u00e9couvrir son travail.<\/p><\/blockquote>\n<p><strong>Au programme de cette journ\u00e9e :<\/strong><br \/>\n&#8211; Pr\u00e9parer le corps \u00e0 la pratique et am\u00e9lioration des capacit\u00e9s physiques<br \/>\n&#8211; S\u2019entra\u00eener en respectant l\u2019int\u00e9grit\u00e9 et la bio-m\u00e9canique de votre corps<br \/>\n&#8211; Avoir une garde adapt\u00e9e \u00e0 l\u2019auto d\u00e9fense qui permettra de vous d\u00e9placer en conservant votre stabilit\u00e9, votre capacit\u00e9 \u00e0 vous prot\u00e9ger et \u00e0 frapper.<br \/>\n&#8211; Apprendre les bases du travail \u00e0 courte distance<br \/>\n&#8211; Apprendre la g\u00e9om\u00e9trie du combat autour de la forme du triangle<br \/>\n&#8211; Apprendre \u00e0 frapper sans contre coups pour pr\u00e9server ses articulations<\/p>\n<p><strong>Et pour avoir une id\u00e9e plus pr\u00e9cise des techniques que nous aborderons, voici quelques exemples :<\/strong><br \/>\n&#8211; Comment <em>man\u0153uvrer<\/em> a bout portant<br \/>\n&#8211; Comment ouvrir une garde<br \/>\n&#8211; Comment rentrer un clinch comment en sortir<br \/>\n&#8211; Comment frapper l\u2019adversaire depuis une saisie r\u00e9ciproque<br \/>\n&#8211; Comment immobiliser l\u2019adversaire au corps \u00e0 corps<\/p>\n<p><em>&#8212;&#8212;&#8212;&#8212;&#8212;&#8212;&#8212;Tarif<\/em><br \/>\n-50\u20ac (ext\u00e9rieurs)<br \/>\n-45\u20ac membres (assonances et judo club gu\u00e9nangeois)<\/p>\n<p><em>&#8212;&#8212;&#8212;&#8212;&#8212;&#8212;&#8212;Billetterie<\/em><\/p>\n<p><a href=\"https:\/\/www.helloasso.com\/associations\/assonances\/evenements\/stage-boxe-defense\" target=\"_blank\" rel=\"noopener\">cliquer ici pour inscription via hello asso<\/a><\/p>\n<p><em>&#8212;&#8212;&#8212;&#8212;&#8212;&#8212;&#8212;inscription et renseignements<\/em><br \/>\nImp\u00e9rativement me contacter par message, si vous souhaitez participer cocher bien la case \u00ab\u00a0je participe\u00a0\u00bb \u00e0 l&rsquo;\u00e9v\u00e9nement et non pas je suis int\u00e9ress\u00e9<\/p>\n<p><em>&#8212;&#8212;&#8212;&#8212;&#8212;&#8212;&#8212;Horaires<\/em><\/p>\n<p>De 9h \u00e0 12h30 et 13h30 \u00e0 15h<br \/>\nAccueil \u00e0 partir de 8h40 autour d&rsquo;un caf\u00e9<\/p>\n<p>Possibilit\u00e9 de rester sur place \u00e0 la pause pour un repas tir\u00e9 du sac<\/p>\n<p>&nbsp;<\/p>\n<p><em>&#8212;&#8212;&#8212;&#8212;&#8212;&#8212;&#8212;Tenue<\/em><\/p>\n<p>Tenue souple adapt\u00e9e \u00e0 la pratique sur un tatami (pas de partie m\u00e9tallique)<\/p>\n<p>Pratique pieds nus (d\u00e9sinfection des pieds et des mains avant de rejoindre le tatami), pas de chaussettes.<\/p>\n<p>Pr\u00e9voyez de l&rsquo;eau<\/p>\n<p>Si vous avez des gants de boxe prenez les avec vous, sous gants \u00e9galement<\/p>\n<p>&nbsp;<\/p>\n<p><em>&#8212;&#8212;&#8212;&#8212;&#8212;&#8212;&#8211;Lieu<\/em><\/p>\n<p>Dojo du Cosec Claude Hoz\u00e9 1 rue Mozart Gu\u00e9nange, entr\u00e9e \u00e0 gauche de la porte vitr\u00e9e.<\/p>\n","protected":false},"excerpt":{"rendered":"<p>Une premi\u00e8re avec cette th\u00e9matique ! Vivien consacrera le premier stage de la saison \u00e0 la Boxe d\u00e9fense. Si vous ne connaissez pas l&rsquo;approche, biom\u00e9canique et pragmatique de Vivien je [&hellip;]<\/p>\n","protected":false},"author":1,"featured_media":0,"template":"","meta":{"_tribe_events_status":"","_tribe_events_status_reason":"","footnotes":""},"tags":[50,19],"tribe_events_cat":[10],"class_list":["post-3230","tribe_events","type-tribe_events","status-publish","hentry","tag-boxe-defense","tag-self-defense","tribe_events_cat-stage","cat_stage","entry"],"_links":{"self":[{"href":"https:\/\/assonances.fr\/WP\/wp-json\/wp\/v2\/tribe_events\/3230","targetHints":{"allow":["GET"]}}],"collection":[{"href":"https:\/\/assonances.fr\/WP\/wp-json\/wp\/v2\/tribe_events"}],"about":[{"href":"https:\/\/assonances.fr\/WP\/wp-json\/wp\/v2\/types\/tribe_events"}],"author":[{"embeddable":true,"href":"https:\/\/assonances.fr\/WP\/wp-json\/wp\/v2\/users\/1"}],"version-history":[{"count":5,"href":"https:\/\/assonances.fr\/WP\/wp-json\/wp\/v2\/tribe_events\/3230\/revisions"}],"predecessor-version":[{"id":3236,"href":"https:\/\/assonances.fr\/WP\/wp-json\/wp\/v2\/tribe_events\/3230\/revisions\/3236"}],"wp:attachment":[{"href":"https:\/\/assonances.fr\/WP\/wp-json\/wp\/v2\/media?parent=3230"}],"wp:term":[{"taxonomy":"post_tag","embeddable":true,"href":"https:\/\/assonances.fr\/WP\/wp-json\/wp\/v2\/tags?post=3230"},{"taxonomy":"tribe_events_cat","embeddable":true,"href":"https:\/\/assonances.fr\/WP\/wp-json\/wp\/v2\/tribe_events_cat?post=3230"}],"curies":[{"name":"wp","href":"https:\/\/api.w.org\/{rel}","templated":true}]}}

Stage Boxe Défense

<p><img fetchpriority="high" decoding="async" class="aligncenter size-full wp-image-3232" src="https://assonances.fr/WP/wp-content/uploads/2024/09/202411093-couverture-evenement-facebook-stage-boxe-defense-3.jpg" alt="Stage Boxe Défense" width="1200" height="628" srcset="https://assonances.fr/WP/wp-content/uploads/2024/09/202411093-couverture-evenement-facebook-stage-boxe-defense-3.jpg 1200w, https://assonances.fr/WP/wp-content/uploads/2024/09/202411093-couverture-evenement-facebook-stage-boxe-defense-3-300x157.jpg 300w, https://assonances.fr/WP/wp-content/uploads/2024/09/202411093-couverture-evenement-facebook-stage-boxe-defense-3-1024x536.jpg 1024w, https://assonances.fr/WP/wp-content/uploads/2024/09/202411093-couverture-evenement-facebook-stage-boxe-defense-3-768x402.jpg 768w" sizes="(max-width: 1200px) 100vw, 1200px" /></p>
<h1>Une première avec cette thématique !</h1>
<blockquote><p>Vivien consacrera le premier stage de la saison à la <strong>Boxe défense</strong>.<br />
Si vous ne connaissez pas l&rsquo;approche, biomécanique et pragmatique de Vivien je vous conseille chaudement de venir découvrir son travail.</p></blockquote>
<p><strong>Au programme de cette journée :</strong><br />
&#8211; Préparer le corps à la pratique et amélioration des capacités physiques<br />
&#8211; S’entraîner en respectant l’intégrité et la bio-mécanique de votre corps<br />
&#8211; Avoir une garde adaptée à l’auto défense qui permettra de vous déplacer en conservant votre stabilité, votre capacité à vous protéger et à frapper.<br />
&#8211; Apprendre les bases du travail à courte distance<br />
&#8211; Apprendre la géométrie du combat autour de la forme du triangle<br />
&#8211; Apprendre à frapper sans contre coups pour préserver ses articulations</p>
<p><strong>Et pour avoir une idée plus précise des techniques que nous aborderons, voici quelques exemples :</strong><br />
&#8211; Comment <em>manœuvrer</em> a bout portant<br />
&#8211; Comment ouvrir une garde<br />
&#8211; Comment rentrer un clinch comment en sortir<br />
&#8211; Comment frapper l’adversaire depuis une saisie réciproque<br />
&#8211; Comment immobiliser l’adversaire au corps à corps</p>
<p><em>&#8212;&#8212;&#8212;&#8212;&#8212;&#8212;&#8212;Tarif</em><br />
-50€ (extérieurs)<br />
-45€ membres (assonances et judo club guénangeois)</p>
<p><em>&#8212;&#8212;&#8212;&#8212;&#8212;&#8212;&#8212;Billetterie</em></p>
<p><a href="https://www.helloasso.com/associations/assonances/evenements/stage-boxe-defense" target="_blank" rel="noopener">cliquer ici pour inscription via hello asso</a></p>
<p><em>&#8212;&#8212;&#8212;&#8212;&#8212;&#8212;&#8212;inscription et renseignements</em><br />
Impérativement me contacter par message, si vous souhaitez participer cocher bien la case « je participe » à l&rsquo;événement et non pas je suis intéressé</p>
<p><em>&#8212;&#8212;&#8212;&#8212;&#8212;&#8212;&#8212;Horaires</em></p>
<p>De 9h à 12h30 et 13h30 à 15h<br />
Accueil à partir de 8h40 autour d&rsquo;un café</p>
<p>Possibilité de rester sur place à la pause pour un repas tiré du sac</p>
<p>&nbsp;</p>
<p><em>&#8212;&#8212;&#8212;&#8212;&#8212;&#8212;&#8212;Tenue</em></p>
<p>Tenue souple adaptée à la pratique sur un tatami (pas de partie métallique)</p>
<p>Pratique pieds nus (désinfection des pieds et des mains avant de rejoindre le tatami), pas de chaussettes.</p>
<p>Prévoyez de l&rsquo;eau</p>
<p>Si vous avez des gants de boxe prenez les avec vous, sous gants également</p>
<p>&nbsp;</p>
<p><em>&#8212;&#8212;&#8212;&#8212;&#8212;&#8212;&#8211;Lieu</em></p>
<p>Dojo du Cosec Claude Hozé 1 rue Mozart Guénange, entrée à gauche de la porte vitrée.</p>

<p>Une première avec cette thématique ! Vivien consacrera le premier stage de la saison à la Boxe défense. Si vous ne connaissez pas l&rsquo;approche, biomécanique et pragmatique de Vivien je [&hellip;]</p>
