{"id":3201,"date":"2024-08-29T15:30:30","date_gmt":"2024-08-29T13:30:30","guid":{"rendered":"https:\/\/assonances.fr\/WP\/?post_type=tribe_events&#038;p=3201"},"modified":"2024-08-29T15:34:57","modified_gmt":"2024-08-29T13:34:57","slug":"portes-ouvertes-tai-chi-self-defense-ji-ben-gong-qi-gong-du-1-au-8-septembre","status":"publish","type":"tribe_events","link":"https:\/\/assonances.fr\/WP\/event\/portes-ouvertes-tai-chi-self-defense-ji-ben-gong-qi-gong-du-1-au-8-septembre\/","title":{"rendered":"Portes ouvertes tai chi, self d\u00e9fense, ji ben gong &#8211; qi gong du 1 au 8 septembre"},"content":{"rendered":"<h1>Pour nous rencontrer avant la rentr\u00e9e vous pouvez nous retrouver pour 3 \u00e9v\u00e9nements<\/h1>\n<p>Nous serons ravis de vous faire d\u00e9couvrir nos pratiques et \u00e9changer avec vous, r\u00e9pondre \u00e0 vos questions.<\/p>\n<p>&nbsp;<\/p>\n<p><img fetchpriority=\"high\" decoding=\"async\" class=\"wp-image-3203 size-medium alignleft\" src=\"https:\/\/assonances.fr\/WP\/wp-content\/uploads\/2024\/08\/20240828-journee-asso-guenange-212x300.jpg\" alt=\"\" width=\"212\" height=\"300\" srcset=\"https:\/\/assonances.fr\/WP\/wp-content\/uploads\/2024\/08\/20240828-journee-asso-guenange-212x300.jpg 212w, https:\/\/assonances.fr\/WP\/wp-content\/uploads\/2024\/08\/20240828-journee-asso-guenange-724x1024.jpg 724w, https:\/\/assonances.fr\/WP\/wp-content\/uploads\/2024\/08\/20240828-journee-asso-guenange-768x1086.jpg 768w, https:\/\/assonances.fr\/WP\/wp-content\/uploads\/2024\/08\/20240828-journee-asso-guenange-1086x1536.jpg 1086w, https:\/\/assonances.fr\/WP\/wp-content\/uploads\/2024\/08\/20240828-journee-asso-guenange.jpg 1448w\" sizes=\"(max-width: 212px) 100vw, 212px\" \/><\/p>\n<h2>A gu\u00e9nange<\/h2>\n<p>Pour<\/p>\n<ul>\n<li>le tai chi chuan<\/li>\n<li>la self d\u00e9fense<\/li>\n<li>les Ji ben gong et Qi gong<\/li>\n<\/ul>\n<p><em>Le Dimanche 1 septembre de 10h \u00e0 17h au COSEC Claude Hoz\u00e9 1 rue Mozart<\/em><\/p>\n<p>&nbsp;<\/p>\n<p>&nbsp;<\/p>\n<hr \/>\n<h2><img decoding=\"async\" class=\"wp-image-3202 size-medium alignleft\" src=\"https:\/\/assonances.fr\/WP\/wp-content\/uploads\/2024\/08\/20240828-vital-sport-Yutz-2024-300x280.jpg\" alt=\"\" width=\"300\" height=\"280\" srcset=\"https:\/\/assonances.fr\/WP\/wp-content\/uploads\/2024\/08\/20240828-vital-sport-Yutz-2024-300x280.jpg 300w, https:\/\/assonances.fr\/WP\/wp-content\/uploads\/2024\/08\/20240828-vital-sport-Yutz-2024-1024x955.jpg 1024w, https:\/\/assonances.fr\/WP\/wp-content\/uploads\/2024\/08\/20240828-vital-sport-Yutz-2024-768x716.jpg 768w, https:\/\/assonances.fr\/WP\/wp-content\/uploads\/2024\/08\/20240828-vital-sport-Yutz-2024-1536x1433.jpg 1536w, https:\/\/assonances.fr\/WP\/wp-content\/uploads\/2024\/08\/20240828-vital-sport-Yutz-2024.jpg 2048w\" sizes=\"(max-width: 300px) 100vw, 300px\" \/>A Yutz<\/h2>\n<p>Pour<\/p>\n<ul>\n<li>le tai chi chuan<\/li>\n<li>la self d\u00e9fense f\u00e9minine et boxe ludique<\/li>\n<li>les Ji ben gong et Qi gong<\/li>\n<\/ul>\n<p><em>Les samedi\u00a0 7 de 9h \u00e0 19h et dimanche 8 septembre de 10h \u00e0 17h au D\u00e9cathlon de Yutz ZAC Meilbourg<br \/>\n<\/em><\/p>\n<p><span style=\"color: #ff9900;\">Inscription gratuite obligatoire \u00e0 l&rsquo;avance : <a href=\"https:\/\/activites.decathlon.fr\/fr-FR\/activites-sportives\/details\/637514\">https:\/\/activites.decathlon.fr\/&#8230;\/activit&#8230;\/details\/637514<\/a><\/span><\/p>\n<p>&nbsp;<\/p>\n<hr \/>\n<h2><img decoding=\"async\" class=\"wp-image-3204 size-medium alignleft\" src=\"https:\/\/assonances.fr\/WP\/wp-content\/uploads\/2024\/08\/20240828-forum-asso-florange-300x225.jpg\" alt=\"\" width=\"300\" height=\"225\" srcset=\"https:\/\/assonances.fr\/WP\/wp-content\/uploads\/2024\/08\/20240828-forum-asso-florange-300x225.jpg 300w, https:\/\/assonances.fr\/WP\/wp-content\/uploads\/2024\/08\/20240828-forum-asso-florange-1024x768.jpg 1024w, https:\/\/assonances.fr\/WP\/wp-content\/uploads\/2024\/08\/20240828-forum-asso-florange-768x576.jpg 768w, https:\/\/assonances.fr\/WP\/wp-content\/uploads\/2024\/08\/20240828-forum-asso-florange-1536x1152.jpg 1536w, https:\/\/assonances.fr\/WP\/wp-content\/uploads\/2024\/08\/20240828-forum-asso-florange.jpg 2000w\" sizes=\"(max-width: 300px) 100vw, 300px\" \/>A Florange<\/h2>\n<p>Pour<\/p>\n<ul>\n<li>le tai chi chuan<\/li>\n<li>les Ji ben gong<\/li>\n<\/ul>\n<p><em>Le samedi\u00a0 7 de 14h \u00e0 18h, au COSEC Avenue du coll\u00e8ge Florange<br \/>\n<\/em><\/p>\n<p>&nbsp;<\/p>\n<p>&nbsp;<\/p>\n<p>N\u2019h\u00e9sitez pas \u00e0 consulter le planning de nos cours \u00e0 notre page <a href=\"https:\/\/assonances.fr\/WP\/info-pratiques\/\">\u00ab\u00a0info pratiques\u00a0\u00bb <\/a><\/p>\n<p>A tr\u00e8s bient\u00f4t!<\/p>\n","protected":false},"excerpt":{"rendered":"<p>Pour nous rencontrer avant la rentr\u00e9e vous pouvez nous retrouver pour 3 \u00e9v\u00e9nements Nous serons ravis de vous faire d\u00e9couvrir nos pratiques et \u00e9changer avec vous, r\u00e9pondre \u00e0 vos questions. [&hellip;]<\/p>\n","protected":false},"author":1,"featured_media":0,"template":"","meta":{"_tribe_events_status":"","_tribe_events_status_reason":"","footnotes":""},"tags":[],"tribe_events_cat":[10],"class_list":["post-3201","tribe_events","type-tribe_events","status-publish","hentry","tribe_events_cat-stage","cat_stage","entry"],"_links":{"self":[{"href":"https:\/\/assonances.fr\/WP\/wp-json\/wp\/v2\/tribe_events\/3201","targetHints":{"allow":["GET"]}}],"collection":[{"href":"https:\/\/assonances.fr\/WP\/wp-json\/wp\/v2\/tribe_events"}],"about":[{"href":"https:\/\/assonances.fr\/WP\/wp-json\/wp\/v2\/types\/tribe_events"}],"author":[{"embeddable":true,"href":"https:\/\/assonances.fr\/WP\/wp-json\/wp\/v2\/users\/1"}],"version-history":[{"count":8,"href":"https:\/\/assonances.fr\/WP\/wp-json\/wp\/v2\/tribe_events\/3201\/revisions"}],"predecessor-version":[{"id":3212,"href":"https:\/\/assonances.fr\/WP\/wp-json\/wp\/v2\/tribe_events\/3201\/revisions\/3212"}],"wp:attachment":[{"href":"https:\/\/assonances.fr\/WP\/wp-json\/wp\/v2\/media?parent=3201"}],"wp:term":[{"taxonomy":"post_tag","embeddable":true,"href":"https:\/\/assonances.fr\/WP\/wp-json\/wp\/v2\/tags?post=3201"},{"taxonomy":"tribe_events_cat","embeddable":true,"href":"https:\/\/assonances.fr\/WP\/wp-json\/wp\/v2\/tribe_events_cat?post=3201"}],"curies":[{"name":"wp","href":"https:\/\/api.w.org\/{rel}","templated":true}]}}

Portes ouvertes tai chi, self défense, ji ben gong &#8211; qi gong du 1 au 8 septembre

<h1>Pour nous rencontrer avant la rentrée vous pouvez nous retrouver pour 3 événements</h1>
<p>Nous serons ravis de vous faire découvrir nos pratiques et échanger avec vous, répondre à vos questions.</p>
<p>&nbsp;</p>
<p><img fetchpriority="high" decoding="async" class="wp-image-3203 size-medium alignleft" src="https://assonances.fr/WP/wp-content/uploads/2024/08/20240828-journee-asso-guenange-212x300.jpg" alt="" width="212" height="300" srcset="https://assonances.fr/WP/wp-content/uploads/2024/08/20240828-journee-asso-guenange-212x300.jpg 212w, https://assonances.fr/WP/wp-content/uploads/2024/08/20240828-journee-asso-guenange-724x1024.jpg 724w, https://assonances.fr/WP/wp-content/uploads/2024/08/20240828-journee-asso-guenange-768x1086.jpg 768w, https://assonances.fr/WP/wp-content/uploads/2024/08/20240828-journee-asso-guenange-1086x1536.jpg 1086w, https://assonances.fr/WP/wp-content/uploads/2024/08/20240828-journee-asso-guenange.jpg 1448w" sizes="(max-width: 212px) 100vw, 212px" /></p>
<h2>A guénange</h2>
<p>Pour</p>
<ul>
<li>le tai chi chuan</li>
<li>la self défense</li>
<li>les Ji ben gong et Qi gong</li>
</ul>
<p><em>Le Dimanche 1 septembre de 10h à 17h au COSEC Claude Hozé 1 rue Mozart</em></p>
<p>&nbsp;</p>
<p>&nbsp;</p>
<hr />
<h2><img decoding="async" class="wp-image-3202 size-medium alignleft" src="https://assonances.fr/WP/wp-content/uploads/2024/08/20240828-vital-sport-Yutz-2024-300x280.jpg" alt="" width="300" height="280" srcset="https://assonances.fr/WP/wp-content/uploads/2024/08/20240828-vital-sport-Yutz-2024-300x280.jpg 300w, https://assonances.fr/WP/wp-content/uploads/2024/08/20240828-vital-sport-Yutz-2024-1024x955.jpg 1024w, https://assonances.fr/WP/wp-content/uploads/2024/08/20240828-vital-sport-Yutz-2024-768x716.jpg 768w, https://assonances.fr/WP/wp-content/uploads/2024/08/20240828-vital-sport-Yutz-2024-1536x1433.jpg 1536w, https://assonances.fr/WP/wp-content/uploads/2024/08/20240828-vital-sport-Yutz-2024.jpg 2048w" sizes="(max-width: 300px) 100vw, 300px" />A Yutz</h2>
<p>Pour</p>
<ul>
<li>le tai chi chuan</li>
<li>la self défense féminine et boxe ludique</li>
<li>les Ji ben gong et Qi gong</li>
</ul>
<p><em>Les samedi  7 de 9h à 19h et dimanche 8 septembre de 10h à 17h au Décathlon de Yutz ZAC Meilbourg<br />
</em></p>
<p><span style="color: #ff9900;">Inscription gratuite obligatoire à l&rsquo;avance : <a href="https://activites.decathlon.fr/fr-FR/activites-sportives/details/637514">https://activites.decathlon.fr/&#8230;/activit&#8230;/details/637514</a></span></p>
<p>&nbsp;</p>
<hr />
<h2><img decoding="async" class="wp-image-3204 size-medium alignleft" src="https://assonances.fr/WP/wp-content/uploads/2024/08/20240828-forum-asso-florange-300x225.jpg" alt="" width="300" height="225" srcset="https://assonances.fr/WP/wp-content/uploads/2024/08/20240828-forum-asso-florange-300x225.jpg 300w, https://assonances.fr/WP/wp-content/uploads/2024/08/20240828-forum-asso-florange-1024x768.jpg 1024w, https://assonances.fr/WP/wp-content/uploads/2024/08/20240828-forum-asso-florange-768x576.jpg 768w, https://assonances.fr/WP/wp-content/uploads/2024/08/20240828-forum-asso-florange-1536x1152.jpg 1536w, https://assonances.fr/WP/wp-content/uploads/2024/08/20240828-forum-asso-florange.jpg 2000w" sizes="(max-width: 300px) 100vw, 300px" />A Florange</h2>
<p>Pour</p>
<ul>
<li>le tai chi chuan</li>
<li>les Ji ben gong</li>
</ul>
<p><em>Le samedi  7 de 14h à 18h, au COSEC Avenue du collège Florange<br />
</em></p>
<p>&nbsp;</p>
<p>&nbsp;</p>
<p>N’hésitez pas à consulter le planning de nos cours à notre page <a href="https://assonances.fr/WP/info-pratiques/">« info pratiques » </a></p>
<p>A très bientôt!</p>

<p>Pour nous rencontrer avant la rentrée vous pouvez nous retrouver pour 3 événements Nous serons ravis de vous faire découvrir nos pratiques et échanger avec vous, répondre à vos questions. [&hellip;]</p>
