{"id":2060,"date":"2023-01-19T09:51:49","date_gmt":"2023-01-19T08:51:49","guid":{"rendered":"https:\/\/assonances.fr\/WP\/?post_type=tribe_events&#038;p=2060"},"modified":"2023-02-05T20:55:59","modified_gmt":"2023-02-05T19:55:59","slug":"stage-4-aspects-de-la-self-defense","status":"publish","type":"tribe_events","link":"https:\/\/assonances.fr\/WP\/event\/stage-4-aspects-de-la-self-defense\/","title":{"rendered":"Stage 4 Aspects de la self d\u00e9fense"},"content":{"rendered":"<p><img fetchpriority=\"high\" decoding=\"async\" class=\"aligncenter size-full wp-image-2061\" src=\"https:\/\/assonances.fr\/WP\/wp-content\/uploads\/2023\/01\/20230211-couverture-evenement-facebook-stage-ateliers-self-defense.jpg\" alt=\"\" width=\"1200\" height=\"628\" srcset=\"https:\/\/assonances.fr\/WP\/wp-content\/uploads\/2023\/01\/20230211-couverture-evenement-facebook-stage-ateliers-self-defense.jpg 1200w, https:\/\/assonances.fr\/WP\/wp-content\/uploads\/2023\/01\/20230211-couverture-evenement-facebook-stage-ateliers-self-defense-300x157.jpg 300w, https:\/\/assonances.fr\/WP\/wp-content\/uploads\/2023\/01\/20230211-couverture-evenement-facebook-stage-ateliers-self-defense-1024x536.jpg 1024w, https:\/\/assonances.fr\/WP\/wp-content\/uploads\/2023\/01\/20230211-couverture-evenement-facebook-stage-ateliers-self-defense-768x402.jpg 768w\" sizes=\"(max-width: 1200px) 100vw, 1200px\" \/><\/p>\n<h1 class=\"x11i5rnm xat24cr x1mh8g0r x1vvkbs xdj266r\">Stage \u00ab 4 facettes de la self d\u00e9fense \u00bb<\/h1>\n<div class=\"x11i5rnm xat24cr x1mh8g0r x1vvkbs xtlvy1s\">La self d\u00e9fense est un discipline compl\u00e8te, qui regroupe de nombreux aspects de diff\u00e9rents arts martiaux et sports de combat.<br \/>\nNous vous proposons de d\u00e9couvrir ces facettes \u00e0 travers 4 ateliers accessibles au plus grand nombre.<\/div>\n<div class=\"x11i5rnm xat24cr x1mh8g0r x1vvkbs xtlvy1s\">-Bases de la boxe pieds poing (Justin)<br \/>\n-Se d\u00e9fendre au sol \/ mobilit\u00e9 pour se relever (David)<br \/>\n-Bases du travail avec une arme (b\u00e2ton court) gr\u00e2ce \u00e0 l&rsquo;Arnis, art martial philippin (Steve)<br \/>\n-Mises en situations de d\u00e9fense (Yannick)<\/div>\n<div class=\"x11i5rnm xat24cr x1mh8g0r x1vvkbs xtlvy1s\">Les ateliers auront une dur\u00e9e d&rsquo;environ 50 minutes, 2 le matin (sol et boxe) et deux apr\u00e8s la pause (Arnis et Self). Ils seront encadr\u00e9s par 4 professeurs du club.<\/div>\n<div class=\"x11i5rnm xat24cr x1mh8g0r x1vvkbs xtlvy1s\">Pour la pause de 11h \u00e0 12h pr\u00e9voyez une collation tir\u00e9e du sac.<\/div>\n<p>&nbsp;<\/p>\n<p><strong>Public<\/strong><br \/>\nTout public \u00e0 partir de 15 ans<\/p>\n<div class=\"x11i5rnm xat24cr x1mh8g0r x1vvkbs xtlvy1s\"><strong>Date<\/strong><br \/>\n11 F\u00e9vrier 2023<\/div>\n<div><\/div>\n<div class=\"x11i5rnm xat24cr x1mh8g0r x1vvkbs xtlvy1s\"><strong>Lieu<\/strong><br \/>\nAu Dojo du COSEC Claude Hoz\u00e9 1 rue Mozart 57310 Gu\u00e9nange<\/div>\n<div><\/div>\n<div class=\"x11i5rnm xat24cr x1mh8g0r x1vvkbs xtlvy1s\"><strong>Horaires<\/strong><br \/>\n9h \u00e0 11h : Se d\u00e9fendre au sol \/ boxe pieds-poings<br \/>\n11h \u00e0 12h : pose et collation tir\u00e9e du sac<br \/>\n12h \u00e0 14h : Situations de d\u00e9fense \/ Arnis travail avec 1 b\u00e2ton court<\/div>\n<div><\/div>\n<div class=\"x11i5rnm xat24cr x1mh8g0r x1vvkbs xtlvy1s\"><strong>Tarif<\/strong><br \/>\n15\u20ac<br \/>\nMerci de nous contacter par message pour l&rsquo;inscription.<\/div>\n<div><\/div>\n<div class=\"x11i5rnm xat24cr x1mh8g0r x1vvkbs xtlvy1s\"><strong>Tenue<\/strong><br \/>\nTenue souple et pantalon de sport sans fermeture m\u00e9tallique, pratique pieds nus, sans chaussettes, d\u00e9sinfection des pieds et des mains avant d\u2019entrer sur le tatami.<\/div>\n<div class=\"x11i5rnm xat24cr x1mh8g0r x1vvkbs xtlvy1s\">Les b\u00e2tons d&rsquo;Arnis sont fournis par le club, vous pouvez utiliser vos b\u00e2tons en rotin si vous en poss\u00e9dez.<\/div>\n<div>Pour la boxe, apportez vos gants, nous ne pouvons en pr\u00eater qu\u2019un nombre limit\u00e9<\/div>\n<div><\/div>\n<div><strong>Inscription<\/strong><\/div>\n<div>yannick(@)assonances.fr<\/div>\n<div>06 28 25 88 24<\/div>\n<div><\/div>\n<div><a href=\"https:\/\/assonances.fr\/WP\/wp-content\/uploads\/2023\/01\/20230211-Fiche-inscription-Stage-Self-FEV-2023.pdf\">Fiche d&rsquo;inscription au Stage Self d\u00e9fense 11\/02\/2023<\/a><\/div>\n<div><\/div>\n","protected":false},"excerpt":{"rendered":"<p>La self d\u00e9fense est un discipline compl\u00e8te, qui regroupe de nombreux aspects de diff\u00e9rents arts martiaux et sports de combat.<\/p>\n","protected":false},"author":1,"featured_media":1153,"template":"","meta":{"_tribe_events_status":"","_tribe_events_status_reason":"","footnotes":""},"tags":[19],"tribe_events_cat":[10],"class_list":["post-2060","tribe_events","type-tribe_events","status-publish","has-post-thumbnail","hentry","tag-self-defense","tribe_events_cat-stage","cat_stage","entry","has-media"],"_links":{"self":[{"href":"https:\/\/assonances.fr\/WP\/wp-json\/wp\/v2\/tribe_events\/2060","targetHints":{"allow":["GET"]}}],"collection":[{"href":"https:\/\/assonances.fr\/WP\/wp-json\/wp\/v2\/tribe_events"}],"about":[{"href":"https:\/\/assonances.fr\/WP\/wp-json\/wp\/v2\/types\/tribe_events"}],"author":[{"embeddable":true,"href":"https:\/\/assonances.fr\/WP\/wp-json\/wp\/v2\/users\/1"}],"version-history":[{"count":4,"href":"https:\/\/assonances.fr\/WP\/wp-json\/wp\/v2\/tribe_events\/2060\/revisions"}],"predecessor-version":[{"id":2070,"href":"https:\/\/assonances.fr\/WP\/wp-json\/wp\/v2\/tribe_events\/2060\/revisions\/2070"}],"wp:featuredmedia":[{"embeddable":true,"href":"https:\/\/assonances.fr\/WP\/wp-json\/wp\/v2\/media\/1153"}],"wp:attachment":[{"href":"https:\/\/assonances.fr\/WP\/wp-json\/wp\/v2\/media?parent=2060"}],"wp:term":[{"taxonomy":"post_tag","embeddable":true,"href":"https:\/\/assonances.fr\/WP\/wp-json\/wp\/v2\/tags?post=2060"},{"taxonomy":"tribe_events_cat","embeddable":true,"href":"https:\/\/assonances.fr\/WP\/wp-json\/wp\/v2\/tribe_events_cat?post=2060"}],"curies":[{"name":"wp","href":"https:\/\/api.w.org\/{rel}","templated":true}]}}

Stage 4 Aspects de la self défense

<p><img fetchpriority="high" decoding="async" class="aligncenter size-full wp-image-2061" src="https://assonances.fr/WP/wp-content/uploads/2023/01/20230211-couverture-evenement-facebook-stage-ateliers-self-defense.jpg" alt="" width="1200" height="628" srcset="https://assonances.fr/WP/wp-content/uploads/2023/01/20230211-couverture-evenement-facebook-stage-ateliers-self-defense.jpg 1200w, https://assonances.fr/WP/wp-content/uploads/2023/01/20230211-couverture-evenement-facebook-stage-ateliers-self-defense-300x157.jpg 300w, https://assonances.fr/WP/wp-content/uploads/2023/01/20230211-couverture-evenement-facebook-stage-ateliers-self-defense-1024x536.jpg 1024w, https://assonances.fr/WP/wp-content/uploads/2023/01/20230211-couverture-evenement-facebook-stage-ateliers-self-defense-768x402.jpg 768w" sizes="(max-width: 1200px) 100vw, 1200px" /></p>
<h1 class="x11i5rnm xat24cr x1mh8g0r x1vvkbs xdj266r">Stage « 4 facettes de la self défense »</h1>
<div class="x11i5rnm xat24cr x1mh8g0r x1vvkbs xtlvy1s">La self défense est un discipline complète, qui regroupe de nombreux aspects de différents arts martiaux et sports de combat.<br />
Nous vous proposons de découvrir ces facettes à travers 4 ateliers accessibles au plus grand nombre.</div>
<div class="x11i5rnm xat24cr x1mh8g0r x1vvkbs xtlvy1s">-Bases de la boxe pieds poing (Justin)<br />
-Se défendre au sol / mobilité pour se relever (David)<br />
-Bases du travail avec une arme (bâton court) grâce à l&rsquo;Arnis, art martial philippin (Steve)<br />
-Mises en situations de défense (Yannick)</div>
<div class="x11i5rnm xat24cr x1mh8g0r x1vvkbs xtlvy1s">Les ateliers auront une durée d&rsquo;environ 50 minutes, 2 le matin (sol et boxe) et deux après la pause (Arnis et Self). Ils seront encadrés par 4 professeurs du club.</div>
<div class="x11i5rnm xat24cr x1mh8g0r x1vvkbs xtlvy1s">Pour la pause de 11h à 12h prévoyez une collation tirée du sac.</div>
<p>&nbsp;</p>
<p><strong>Public</strong><br />
Tout public à partir de 15 ans</p>
<div class="x11i5rnm xat24cr x1mh8g0r x1vvkbs xtlvy1s"><strong>Date</strong><br />
11 Février 2023</div>
<div></div>
<div class="x11i5rnm xat24cr x1mh8g0r x1vvkbs xtlvy1s"><strong>Lieu</strong><br />
Au Dojo du COSEC Claude Hozé 1 rue Mozart 57310 Guénange</div>
<div></div>
<div class="x11i5rnm xat24cr x1mh8g0r x1vvkbs xtlvy1s"><strong>Horaires</strong><br />
9h à 11h : Se défendre au sol / boxe pieds-poings<br />
11h à 12h : pose et collation tirée du sac<br />
12h à 14h : Situations de défense / Arnis travail avec 1 bâton court</div>
<div></div>
<div class="x11i5rnm xat24cr x1mh8g0r x1vvkbs xtlvy1s"><strong>Tarif</strong><br />
15€<br />
Merci de nous contacter par message pour l&rsquo;inscription.</div>
<div></div>
<div class="x11i5rnm xat24cr x1mh8g0r x1vvkbs xtlvy1s"><strong>Tenue</strong><br />
Tenue souple et pantalon de sport sans fermeture métallique, pratique pieds nus, sans chaussettes, désinfection des pieds et des mains avant d’entrer sur le tatami.</div>
<div class="x11i5rnm xat24cr x1mh8g0r x1vvkbs xtlvy1s">Les bâtons d&rsquo;Arnis sont fournis par le club, vous pouvez utiliser vos bâtons en rotin si vous en possédez.</div>
<div>Pour la boxe, apportez vos gants, nous ne pouvons en prêter qu’un nombre limité</div>
<div></div>
<div><strong>Inscription</strong></div>
<div>yannick(@)assonances.fr</div>
<div>06 28 25 88 24</div>
<div></div>
<div><a href="https://assonances.fr/WP/wp-content/uploads/2023/01/20230211-Fiche-inscription-Stage-Self-FEV-2023.pdf">Fiche d&rsquo;inscription au Stage Self défense 11/02/2023</a></div>
<div></div>

<p>La self défense est un discipline complète, qui regroupe de nombreux aspects de différents arts martiaux et sports de combat.</p>
